{"id":6313,"date":"2024-07-31T02:54:41","date_gmt":"2024-07-31T00:54:41","guid":{"rendered":"https:\/\/kraftmuller.ma\/?post_type=product&#038;p=6313"},"modified":"2025-06-21T20:36:48","modified_gmt":"2025-06-21T18:36:48","slug":"kit-de-debosselage-ensemble-de-marteau-7-pieces","status":"publish","type":"product","link":"https:\/\/kraftmuller.ma\/?product=kit-de-debosselage-ensemble-de-marteau-7-pieces","title":{"rendered":"Kit de d\u00e9bosselage, ensemble de marteau 7 pi\u00e8ces"},"content":{"rendered":"<h2 id=\"content-header-special-features\" data-content-header=\"special-features\">Les points forts<\/h2>\n<div class=\"pdp_content_usp\">L&rsquo;ensemble contient trois marteaux, chacun avec une t\u00eate sp\u00e9ciale et une longueur diff\u00e9rentes. Ainsi, vous avez toujours le meilleur outil correspondant \u00e0 l&rsquo;espace disponible pour la frappe et \u00e0 la mati\u00e8re \u00e0 marteler, sans besoin d&rsquo;outils suppl\u00e9mentaires.<\/div>\n<div class=\"pdp_content_usp\">Les tampons m\u00e9talliques fournis permettent de poin\u00e7onner des pi\u00e8ces qui pr\u00e9sentent une forme sp\u00e9cifique. Ils sont constitu\u00e9s d&rsquo;acier de haute qualit\u00e9 et durent donc tr\u00e8s longtemps, m\u00eame en cas d&rsquo;utilisation intensive.<\/div>\n<div class=\"pdp_content_usp\">Chacun des marteaux est muni d\u2019un manche plat et uniforme, qui offre une prise en main s\u00fbre pour une frappe pr\u00e9cise.<\/div>\n<div>\n<h2 id=\"content-header-description\" class=\"pdp_content_title\" data-content-header=\"description\">Description<\/h2>\n<div class=\"pdp_content_description\">D\u00e9bosseler ou planer des mat\u00e9riaux en feuilles, des t\u00f4leries et des objets m\u00e9talliques est un travail qu\u2019il est pr\u00e9f\u00e9rable de r\u00e9aliser au plus vite. L\u2019utilisation d\u2019outils lourds et non adapt\u00e9s \u00e0 ce genre de t\u00e2che risque d\u2019endommager d\u00e9finitivement votre pi\u00e8ce. Cet ensemble de marteaux professionnels est le kit parfait pour les m\u00e9tallurgistes qui souhaitent obtenir des r\u00e9sultats pr\u00e9cis et sans d\u00e9g\u00e2t sur le support.<\/p>\n<h2>\u00c0 propos du kit de d\u00e9bosselage, ensemble de marteaux 7 pi\u00e8ces<\/h2>\n<p>L&rsquo;ensemble comprend trois marteaux, trois tampons en acier ainsi qu&rsquo;une enclume. Ce kit est livr\u00e9 dans un emballage en carton et vous trouverez \u00e9galement une notice avec des informations suppl\u00e9mentaires sur l&rsquo;utilisation, le contenu et les propri\u00e9t\u00e9s caract\u00e9ristiques des outils. Chacun des marteaux est dot\u00e9 d&rsquo;une double t\u00eate (plate et convexe) \u00e0 son extr\u00e9mit\u00e9, ce qui vous \u00e9vite de changer d&rsquo;outil en permanence.<\/p><\/div>\n<div><\/div>\n<\/div>\n","protected":false},"excerpt":{"rendered":"<p>Les points forts L&rsquo;ensemble contient trois marteaux, chacun avec une t\u00eate sp\u00e9ciale et une longueur diff\u00e9rentes. Ainsi, vous avez toujours le meilleur outil correspondant \u00e0 l&rsquo;espace disponible pour la frappe et \u00e0 la mati\u00e8re \u00e0 marteler, sans besoin d&rsquo;outils suppl\u00e9mentaires. Les tampons m\u00e9talliques fournis permettent de poin\u00e7onner des pi\u00e8ces qui pr\u00e9sentent une forme sp\u00e9cifique. Ils<\/p>\n<div class=\"klb-readmore button\"><a class=\"btn link\" href=\"https:\/\/kraftmuller.ma\/?product=kit-de-debosselage-ensemble-de-marteau-7-pieces\">Read More <i class=\"klbth-icon-right-arrow\"><\/i><\/a><\/div>\n","protected":false},"featured_media":6316,"template":"","meta":[],"product_brand":[],"product_cat":[194],"product_tag":[],"class_list":{"0":"post-6313","1":"product","2":"type-product","3":"status-publish","4":"has-post-thumbnail","6":"product_cat-equipement-datelier","8":"first","9":"instock","10":"sale","11":"taxable","12":"shipping-taxable","13":"purchasable","14":"product-type-simple"},"yoast_head":"<!-- This site is optimized with the Yoast SEO plugin v25.3.1 - https:\/\/yoast.com\/wordpress\/plugins\/seo\/ -->\n<title>Kit de d\u00e9bosselage, ensemble de marteau 7 pi\u00e8ces - KraftMuller Maroc<\/title>\n<meta name=\"robots\" content=\"index, follow, max-snippet:-1, max-image-preview:large, max-video-preview:-1\" \/>\n<link rel=\"canonical\" href=\"https:\/\/kraftmuller.ma\/?product=kit-de-debosselage-ensemble-de-marteau-7-pieces\" \/>\n<meta property=\"og:locale\" content=\"fr_FR\" \/>\n<meta property=\"og:type\" content=\"article\" \/>\n<meta property=\"og:title\" content=\"Kit de d\u00e9bosselage, ensemble de marteau 7 pi\u00e8ces - KraftMuller Maroc\" \/>\n<meta property=\"og:description\" content=\"Les points forts L&rsquo;ensemble contient trois marteaux, chacun avec une t\u00eate sp\u00e9ciale et une longueur diff\u00e9rentes. Ainsi, vous avez toujours le meilleur outil correspondant \u00e0 l&rsquo;espace disponible pour la frappe et \u00e0 la mati\u00e8re \u00e0 marteler, sans besoin d&rsquo;outils suppl\u00e9mentaires. Les tampons m\u00e9talliques fournis permettent de poin\u00e7onner des pi\u00e8ces qui pr\u00e9sentent une forme sp\u00e9cifique. IlsRead More\" \/>\n<meta property=\"og:url\" content=\"https:\/\/kraftmuller.ma\/?product=kit-de-debosselage-ensemble-de-marteau-7-pieces\" \/>\n<meta property=\"og:site_name\" content=\"KraftMuller Maroc\" \/>\n<meta property=\"article:modified_time\" content=\"2025-06-21T18:36:48+00:00\" \/>\n<meta property=\"og:image\" content=\"https:\/\/kraftmuller.ma\/wp-content\/uploads\/Kit-de-debosselage-kraftmuller.webp\" \/>\n\t<meta property=\"og:image:width\" content=\"800\" \/>\n\t<meta property=\"og:image:height\" content=\"800\" \/>\n\t<meta property=\"og:image:type\" content=\"image\/webp\" \/>\n<meta name=\"twitter:card\" content=\"summary_large_image\" \/>\n<meta name=\"twitter:label1\" content=\"Dur\u00e9e de lecture estim\u00e9e\" \/>\n\t<meta name=\"twitter:data1\" content=\"2 minutes\" \/>\n<script type=\"application\/ld+json\" class=\"yoast-schema-graph\">{\"@context\":\"https:\/\/schema.org\",\"@graph\":[{\"@type\":\"WebPage\",\"@id\":\"https:\/\/kraftmuller.ma\/?product=kit-de-debosselage-ensemble-de-marteau-7-pieces\",\"url\":\"https:\/\/kraftmuller.ma\/?product=kit-de-debosselage-ensemble-de-marteau-7-pieces\",\"name\":\"Kit de d\u00e9bosselage, ensemble de marteau 7 pi\u00e8ces - KraftMuller Maroc\",\"isPartOf\":{\"@id\":\"https:\/\/kraftmuller.ma\/#website\"},\"primaryImageOfPage\":{\"@id\":\"https:\/\/kraftmuller.ma\/?product=kit-de-debosselage-ensemble-de-marteau-7-pieces#primaryimage\"},\"image\":{\"@id\":\"https:\/\/kraftmuller.ma\/?product=kit-de-debosselage-ensemble-de-marteau-7-pieces#primaryimage\"},\"thumbnailUrl\":\"https:\/\/kraftmuller.ma\/wp-content\/uploads\/Kit-de-debosselage-kraftmuller.webp\",\"datePublished\":\"2024-07-31T00:54:41+00:00\",\"dateModified\":\"2025-06-21T18:36:48+00:00\",\"breadcrumb\":{\"@id\":\"https:\/\/kraftmuller.ma\/?product=kit-de-debosselage-ensemble-de-marteau-7-pieces#breadcrumb\"},\"inLanguage\":\"fr-FR\",\"potentialAction\":[{\"@type\":\"ReadAction\",\"target\":[\"https:\/\/kraftmuller.ma\/?product=kit-de-debosselage-ensemble-de-marteau-7-pieces\"]}]},{\"@type\":\"ImageObject\",\"inLanguage\":\"fr-FR\",\"@id\":\"https:\/\/kraftmuller.ma\/?product=kit-de-debosselage-ensemble-de-marteau-7-pieces#primaryimage\",\"url\":\"https:\/\/kraftmuller.ma\/wp-content\/uploads\/Kit-de-debosselage-kraftmuller.webp\",\"contentUrl\":\"https:\/\/kraftmuller.ma\/wp-content\/uploads\/Kit-de-debosselage-kraftmuller.webp\",\"width\":800,\"height\":800},{\"@type\":\"BreadcrumbList\",\"@id\":\"https:\/\/kraftmuller.ma\/?product=kit-de-debosselage-ensemble-de-marteau-7-pieces#breadcrumb\",\"itemListElement\":[{\"@type\":\"ListItem\",\"position\":1,\"name\":\"Accueil\",\"item\":\"https:\/\/kraftmuller.ma\/\"},{\"@type\":\"ListItem\",\"position\":2,\"name\":\"Shop\",\"item\":\"https:\/\/kraftmuller.ma\/?page_id=121\"},{\"@type\":\"ListItem\",\"position\":3,\"name\":\"Kit de d\u00e9bosselage, ensemble de marteau 7 pi\u00e8ces\"}]},{\"@type\":\"WebSite\",\"@id\":\"https:\/\/kraftmuller.ma\/#website\",\"url\":\"https:\/\/kraftmuller.ma\/\",\"name\":\"KraftMuller Maroc\",\"description\":\"Vente de mat\u00e9riel d&#039;outillage\",\"publisher\":{\"@id\":\"https:\/\/kraftmuller.ma\/#organization\"},\"potentialAction\":[{\"@type\":\"SearchAction\",\"target\":{\"@type\":\"EntryPoint\",\"urlTemplate\":\"https:\/\/kraftmuller.ma\/?s={search_term_string}\"},\"query-input\":{\"@type\":\"PropertyValueSpecification\",\"valueRequired\":true,\"valueName\":\"search_term_string\"}}],\"inLanguage\":\"fr-FR\"},{\"@type\":\"Organization\",\"@id\":\"https:\/\/kraftmuller.ma\/#organization\",\"name\":\"KraftMuller Maroc\",\"url\":\"https:\/\/kraftmuller.ma\/\",\"logo\":{\"@type\":\"ImageObject\",\"inLanguage\":\"fr-FR\",\"@id\":\"https:\/\/kraftmuller.ma\/#\/schema\/logo\/image\/\",\"url\":\"https:\/\/kraftmuller.ma\/wp-content\/uploads\/2023\/04\/kraftunited.png\",\"contentUrl\":\"https:\/\/kraftmuller.ma\/wp-content\/uploads\/2023\/04\/kraftunited.png\",\"width\":1214,\"height\":163,\"caption\":\"KraftMuller Maroc\"},\"image\":{\"@id\":\"https:\/\/kraftmuller.ma\/#\/schema\/logo\/image\/\"}}]}<\/script>\n<!-- \/ Yoast SEO plugin. -->","yoast_head_json":{"title":"Kit de d\u00e9bosselage, ensemble de marteau 7 pi\u00e8ces - KraftMuller Maroc","robots":{"index":"index","follow":"follow","max-snippet":"max-snippet:-1","max-image-preview":"max-image-preview:large","max-video-preview":"max-video-preview:-1"},"canonical":"https:\/\/kraftmuller.ma\/?product=kit-de-debosselage-ensemble-de-marteau-7-pieces","og_locale":"fr_FR","og_type":"article","og_title":"Kit de d\u00e9bosselage, ensemble de marteau 7 pi\u00e8ces - KraftMuller Maroc","og_description":"Les points forts L&rsquo;ensemble contient trois marteaux, chacun avec une t\u00eate sp\u00e9ciale et une longueur diff\u00e9rentes. Ainsi, vous avez toujours le meilleur outil correspondant \u00e0 l&rsquo;espace disponible pour la frappe et \u00e0 la mati\u00e8re \u00e0 marteler, sans besoin d&rsquo;outils suppl\u00e9mentaires. Les tampons m\u00e9talliques fournis permettent de poin\u00e7onner des pi\u00e8ces qui pr\u00e9sentent une forme sp\u00e9cifique. IlsRead More","og_url":"https:\/\/kraftmuller.ma\/?product=kit-de-debosselage-ensemble-de-marteau-7-pieces","og_site_name":"KraftMuller Maroc","article_modified_time":"2025-06-21T18:36:48+00:00","og_image":[{"width":800,"height":800,"url":"https:\/\/kraftmuller.ma\/wp-content\/uploads\/Kit-de-debosselage-kraftmuller.webp","type":"image\/webp"}],"twitter_card":"summary_large_image","twitter_misc":{"Dur\u00e9e de lecture estim\u00e9e":"2 minutes"},"schema":{"@context":"https:\/\/schema.org","@graph":[{"@type":"WebPage","@id":"https:\/\/kraftmuller.ma\/?product=kit-de-debosselage-ensemble-de-marteau-7-pieces","url":"https:\/\/kraftmuller.ma\/?product=kit-de-debosselage-ensemble-de-marteau-7-pieces","name":"Kit de d\u00e9bosselage, ensemble de marteau 7 pi\u00e8ces - KraftMuller Maroc","isPartOf":{"@id":"https:\/\/kraftmuller.ma\/#website"},"primaryImageOfPage":{"@id":"https:\/\/kraftmuller.ma\/?product=kit-de-debosselage-ensemble-de-marteau-7-pieces#primaryimage"},"image":{"@id":"https:\/\/kraftmuller.ma\/?product=kit-de-debosselage-ensemble-de-marteau-7-pieces#primaryimage"},"thumbnailUrl":"https:\/\/kraftmuller.ma\/wp-content\/uploads\/Kit-de-debosselage-kraftmuller.webp","datePublished":"2024-07-31T00:54:41+00:00","dateModified":"2025-06-21T18:36:48+00:00","breadcrumb":{"@id":"https:\/\/kraftmuller.ma\/?product=kit-de-debosselage-ensemble-de-marteau-7-pieces#breadcrumb"},"inLanguage":"fr-FR","potentialAction":[{"@type":"ReadAction","target":["https:\/\/kraftmuller.ma\/?product=kit-de-debosselage-ensemble-de-marteau-7-pieces"]}]},{"@type":"ImageObject","inLanguage":"fr-FR","@id":"https:\/\/kraftmuller.ma\/?product=kit-de-debosselage-ensemble-de-marteau-7-pieces#primaryimage","url":"https:\/\/kraftmuller.ma\/wp-content\/uploads\/Kit-de-debosselage-kraftmuller.webp","contentUrl":"https:\/\/kraftmuller.ma\/wp-content\/uploads\/Kit-de-debosselage-kraftmuller.webp","width":800,"height":800},{"@type":"BreadcrumbList","@id":"https:\/\/kraftmuller.ma\/?product=kit-de-debosselage-ensemble-de-marteau-7-pieces#breadcrumb","itemListElement":[{"@type":"ListItem","position":1,"name":"Accueil","item":"https:\/\/kraftmuller.ma\/"},{"@type":"ListItem","position":2,"name":"Shop","item":"https:\/\/kraftmuller.ma\/?page_id=121"},{"@type":"ListItem","position":3,"name":"Kit de d\u00e9bosselage, ensemble de marteau 7 pi\u00e8ces"}]},{"@type":"WebSite","@id":"https:\/\/kraftmuller.ma\/#website","url":"https:\/\/kraftmuller.ma\/","name":"KraftMuller Maroc","description":"Vente de mat\u00e9riel d&#039;outillage","publisher":{"@id":"https:\/\/kraftmuller.ma\/#organization"},"potentialAction":[{"@type":"SearchAction","target":{"@type":"EntryPoint","urlTemplate":"https:\/\/kraftmuller.ma\/?s={search_term_string}"},"query-input":{"@type":"PropertyValueSpecification","valueRequired":true,"valueName":"search_term_string"}}],"inLanguage":"fr-FR"},{"@type":"Organization","@id":"https:\/\/kraftmuller.ma\/#organization","name":"KraftMuller Maroc","url":"https:\/\/kraftmuller.ma\/","logo":{"@type":"ImageObject","inLanguage":"fr-FR","@id":"https:\/\/kraftmuller.ma\/#\/schema\/logo\/image\/","url":"https:\/\/kraftmuller.ma\/wp-content\/uploads\/2023\/04\/kraftunited.png","contentUrl":"https:\/\/kraftmuller.ma\/wp-content\/uploads\/2023\/04\/kraftunited.png","width":1214,"height":163,"caption":"KraftMuller Maroc"},"image":{"@id":"https:\/\/kraftmuller.ma\/#\/schema\/logo\/image\/"}}]}},"jetpack_sharing_enabled":true,"_links":{"self":[{"href":"https:\/\/kraftmuller.ma\/index.php?rest_route=\/wp\/v2\/product\/6313","targetHints":{"allow":["GET"]}}],"collection":[{"href":"https:\/\/kraftmuller.ma\/index.php?rest_route=\/wp\/v2\/product"}],"about":[{"href":"https:\/\/kraftmuller.ma\/index.php?rest_route=\/wp\/v2\/types\/product"}],"version-history":[{"count":1,"href":"https:\/\/kraftmuller.ma\/index.php?rest_route=\/wp\/v2\/product\/6313\/revisions"}],"predecessor-version":[{"id":6317,"href":"https:\/\/kraftmuller.ma\/index.php?rest_route=\/wp\/v2\/product\/6313\/revisions\/6317"}],"wp:featuredmedia":[{"embeddable":true,"href":"https:\/\/kraftmuller.ma\/index.php?rest_route=\/wp\/v2\/media\/6316"}],"wp:attachment":[{"href":"https:\/\/kraftmuller.ma\/index.php?rest_route=%2Fwp%2Fv2%2Fmedia&parent=6313"}],"wp:term":[{"taxonomy":"product_brand","embeddable":true,"href":"https:\/\/kraftmuller.ma\/index.php?rest_route=%2Fwp%2Fv2%2Fproduct_brand&post=6313"},{"taxonomy":"product_cat","embeddable":true,"href":"https:\/\/kraftmuller.ma\/index.php?rest_route=%2Fwp%2Fv2%2Fproduct_cat&post=6313"},{"taxonomy":"product_tag","embeddable":true,"href":"https:\/\/kraftmuller.ma\/index.php?rest_route=%2Fwp%2Fv2%2Fproduct_tag&post=6313"}],"curies":[{"name":"wp","href":"https:\/\/api.w.org\/{rel}","templated":true}]}}