{"id":4712,"date":"2023-04-18T10:32:02","date_gmt":"2023-04-18T08:32:02","guid":{"rendered":"https:\/\/kraftmuller.ma\/?post_type=product&#038;p=4712"},"modified":"2026-02-09T13:37:56","modified_gmt":"2026-02-09T12:37:56","slug":"set-de-cles-plates-et-polygonales-25-pieces","status":"publish","type":"product","link":"https:\/\/kraftmuller.ma\/?product=set-de-cles-plates-et-polygonales-25-pieces","title":{"rendered":"Set de cl\u00e9s plates et polygonales, 25 pi\u00e8ces"},"content":{"rendered":"<div class=\"c-2\">\n<div class=\"space p-r p-tb\">\n<div class=\"c-2\">\n<div class=\"space p-r p-tb\"><b>Description<\/b><\/div>\n<\/div>\n<div class=\"c-8\">\n<div class=\"space p-tb\">\n<ul>\n<li>Les cl\u00e9s ont une cl\u00e9 plate \u00e0 une extr\u00e9mit\u00e9 et une cl\u00e9 polygonale \u00e0 l&rsquo;autre extr\u00e9mit\u00e9<\/li>\n<li>Les cl\u00e9s sont faites en\u00a0acier chrome vanadium, chrom\u00e9 mat et ont des t\u00eates polies<\/li>\n<li>25 pi\u00e8ces : 6 &#8211; 7 &#8211; 8 &#8211; 9 &#8211; 10 &#8211; 11 &#8211; 12 &#8211; 13 &#8211; 14 &#8211; 15 &#8211; 16 &#8211; 17 &#8211; 18 &#8211; 19 &#8211; 20 &#8211; 21 &#8211; 22 &#8211; 23 &#8211; 24 &#8211; 25 &#8211; 26 &#8211; 27 &#8211; 28 &#8211; 30 &#8211; 32 mm<\/li>\n<li>Support mural inclus<\/li>\n<\/ul>\n<\/div>\n<\/div>\n<hr \/>\n<div class=\"c-2\">\n<div class=\"space p-r p-tb\"><b>Mati\u00e8re<\/b><\/div>\n<\/div>\n<div class=\"c-8\">\n<div class=\"space p-tb\">\n<p>Acier chrome vanadium<\/p>\n<\/div>\n<\/div>\n<hr \/>\n<div class=\"c-2\">\n<div class=\"space p-r p-tb\"><b>Poids<\/b><\/div>\n<\/div>\n<div class=\"c-8\">\n<div class=\"space p-tb\">\n<p>4,6 kg<\/p>\n<\/div>\n<\/div>\n<\/div>\n<\/div>\n","protected":false},"excerpt":{"rendered":"<div class=\"keyfacts__supplemental-description\" data-qa-label=\"keyfacts-supplemental-description\" data-v-798679da=\"\">\n<p>25 cl\u00e9s de plusieurs tailles (6-32 mm) regroup\u00e9es en 1 set pratique<br \/>\nSupport mural inclus<\/p>\n<\/div>\n","protected":false},"featured_media":4714,"template":"","meta":[],"product_brand":[],"product_cat":[196],"product_tag":[],"class_list":{"0":"post-4712","1":"product","2":"type-product","3":"status-publish","4":"has-post-thumbnail","6":"product_cat-parkside","8":"first","9":"outofstock","10":"sale","11":"taxable","12":"shipping-taxable","13":"purchasable","14":"product-type-simple"},"yoast_head":"<!-- This site is optimized with the Yoast SEO plugin v25.3.1 - https:\/\/yoast.com\/wordpress\/plugins\/seo\/ -->\n<title>Set de cl\u00e9s plates et polygonales, 25 pi\u00e8ces - KraftMuller Maroc<\/title>\n<meta name=\"robots\" content=\"index, follow, max-snippet:-1, max-image-preview:large, max-video-preview:-1\" \/>\n<link rel=\"canonical\" href=\"https:\/\/kraftmuller.ma\/?product=set-de-cles-plates-et-polygonales-25-pieces\" \/>\n<meta property=\"og:locale\" content=\"fr_FR\" \/>\n<meta property=\"og:type\" content=\"article\" \/>\n<meta property=\"og:title\" content=\"Set de cl\u00e9s plates et polygonales, 25 pi\u00e8ces - KraftMuller Maroc\" \/>\n<meta property=\"og:description\" content=\"25 cl\u00e9s de plusieurs tailles (6-32 mm) regroup\u00e9es en 1 set pratique Support mural inclus\" \/>\n<meta property=\"og:url\" content=\"https:\/\/kraftmuller.ma\/?product=set-de-cles-plates-et-polygonales-25-pieces\" \/>\n<meta property=\"og:site_name\" content=\"KraftMuller Maroc\" \/>\n<meta property=\"article:modified_time\" content=\"2026-02-09T12:37:56+00:00\" \/>\n<meta property=\"og:image\" content=\"https:\/\/kraftmuller.ma\/wp-content\/uploads\/2023\/04\/gcpff75ed04df9b4e0c8fe061d47e405049.jpeg\" \/>\n\t<meta property=\"og:image:width\" content=\"1500\" \/>\n\t<meta property=\"og:image:height\" content=\"1125\" \/>\n\t<meta property=\"og:image:type\" content=\"image\/jpeg\" \/>\n<meta name=\"twitter:card\" content=\"summary_large_image\" \/>\n<script type=\"application\/ld+json\" class=\"yoast-schema-graph\">{\"@context\":\"https:\/\/schema.org\",\"@graph\":[{\"@type\":\"WebPage\",\"@id\":\"https:\/\/kraftmuller.ma\/?product=set-de-cles-plates-et-polygonales-25-pieces\",\"url\":\"https:\/\/kraftmuller.ma\/?product=set-de-cles-plates-et-polygonales-25-pieces\",\"name\":\"Set de cl\u00e9s plates et polygonales, 25 pi\u00e8ces - KraftMuller Maroc\",\"isPartOf\":{\"@id\":\"https:\/\/kraftmuller.ma\/#website\"},\"primaryImageOfPage\":{\"@id\":\"https:\/\/kraftmuller.ma\/?product=set-de-cles-plates-et-polygonales-25-pieces#primaryimage\"},\"image\":{\"@id\":\"https:\/\/kraftmuller.ma\/?product=set-de-cles-plates-et-polygonales-25-pieces#primaryimage\"},\"thumbnailUrl\":\"https:\/\/kraftmuller.ma\/wp-content\/uploads\/2023\/04\/gcpff75ed04df9b4e0c8fe061d47e405049.jpeg\",\"datePublished\":\"2023-04-18T08:32:02+00:00\",\"dateModified\":\"2026-02-09T12:37:56+00:00\",\"breadcrumb\":{\"@id\":\"https:\/\/kraftmuller.ma\/?product=set-de-cles-plates-et-polygonales-25-pieces#breadcrumb\"},\"inLanguage\":\"fr-FR\",\"potentialAction\":[{\"@type\":\"ReadAction\",\"target\":[\"https:\/\/kraftmuller.ma\/?product=set-de-cles-plates-et-polygonales-25-pieces\"]}]},{\"@type\":\"ImageObject\",\"inLanguage\":\"fr-FR\",\"@id\":\"https:\/\/kraftmuller.ma\/?product=set-de-cles-plates-et-polygonales-25-pieces#primaryimage\",\"url\":\"https:\/\/kraftmuller.ma\/wp-content\/uploads\/2023\/04\/gcpff75ed04df9b4e0c8fe061d47e405049.jpeg\",\"contentUrl\":\"https:\/\/kraftmuller.ma\/wp-content\/uploads\/2023\/04\/gcpff75ed04df9b4e0c8fe061d47e405049.jpeg\",\"width\":1500,\"height\":1125},{\"@type\":\"BreadcrumbList\",\"@id\":\"https:\/\/kraftmuller.ma\/?product=set-de-cles-plates-et-polygonales-25-pieces#breadcrumb\",\"itemListElement\":[{\"@type\":\"ListItem\",\"position\":1,\"name\":\"Accueil\",\"item\":\"https:\/\/kraftmuller.ma\/\"},{\"@type\":\"ListItem\",\"position\":2,\"name\":\"Shop\",\"item\":\"https:\/\/kraftmuller.ma\/?page_id=121\"},{\"@type\":\"ListItem\",\"position\":3,\"name\":\"Set de cl\u00e9s plates et polygonales, 25 pi\u00e8ces\"}]},{\"@type\":\"WebSite\",\"@id\":\"https:\/\/kraftmuller.ma\/#website\",\"url\":\"https:\/\/kraftmuller.ma\/\",\"name\":\"KraftMuller Maroc\",\"description\":\"Vente de mat\u00e9riel d&#039;outillage\",\"publisher\":{\"@id\":\"https:\/\/kraftmuller.ma\/#organization\"},\"potentialAction\":[{\"@type\":\"SearchAction\",\"target\":{\"@type\":\"EntryPoint\",\"urlTemplate\":\"https:\/\/kraftmuller.ma\/?s={search_term_string}\"},\"query-input\":{\"@type\":\"PropertyValueSpecification\",\"valueRequired\":true,\"valueName\":\"search_term_string\"}}],\"inLanguage\":\"fr-FR\"},{\"@type\":\"Organization\",\"@id\":\"https:\/\/kraftmuller.ma\/#organization\",\"name\":\"KraftMuller Maroc\",\"url\":\"https:\/\/kraftmuller.ma\/\",\"logo\":{\"@type\":\"ImageObject\",\"inLanguage\":\"fr-FR\",\"@id\":\"https:\/\/kraftmuller.ma\/#\/schema\/logo\/image\/\",\"url\":\"https:\/\/kraftmuller.ma\/wp-content\/uploads\/2023\/04\/kraftunited.png\",\"contentUrl\":\"https:\/\/kraftmuller.ma\/wp-content\/uploads\/2023\/04\/kraftunited.png\",\"width\":1214,\"height\":163,\"caption\":\"KraftMuller Maroc\"},\"image\":{\"@id\":\"https:\/\/kraftmuller.ma\/#\/schema\/logo\/image\/\"}}]}<\/script>\n<!-- \/ Yoast SEO plugin. -->","yoast_head_json":{"title":"Set de cl\u00e9s plates et polygonales, 25 pi\u00e8ces - KraftMuller Maroc","robots":{"index":"index","follow":"follow","max-snippet":"max-snippet:-1","max-image-preview":"max-image-preview:large","max-video-preview":"max-video-preview:-1"},"canonical":"https:\/\/kraftmuller.ma\/?product=set-de-cles-plates-et-polygonales-25-pieces","og_locale":"fr_FR","og_type":"article","og_title":"Set de cl\u00e9s plates et polygonales, 25 pi\u00e8ces - KraftMuller Maroc","og_description":"25 cl\u00e9s de plusieurs tailles (6-32 mm) regroup\u00e9es en 1 set pratique Support mural inclus","og_url":"https:\/\/kraftmuller.ma\/?product=set-de-cles-plates-et-polygonales-25-pieces","og_site_name":"KraftMuller Maroc","article_modified_time":"2026-02-09T12:37:56+00:00","og_image":[{"width":1500,"height":1125,"url":"https:\/\/kraftmuller.ma\/wp-content\/uploads\/2023\/04\/gcpff75ed04df9b4e0c8fe061d47e405049.jpeg","type":"image\/jpeg"}],"twitter_card":"summary_large_image","schema":{"@context":"https:\/\/schema.org","@graph":[{"@type":"WebPage","@id":"https:\/\/kraftmuller.ma\/?product=set-de-cles-plates-et-polygonales-25-pieces","url":"https:\/\/kraftmuller.ma\/?product=set-de-cles-plates-et-polygonales-25-pieces","name":"Set de cl\u00e9s plates et polygonales, 25 pi\u00e8ces - KraftMuller Maroc","isPartOf":{"@id":"https:\/\/kraftmuller.ma\/#website"},"primaryImageOfPage":{"@id":"https:\/\/kraftmuller.ma\/?product=set-de-cles-plates-et-polygonales-25-pieces#primaryimage"},"image":{"@id":"https:\/\/kraftmuller.ma\/?product=set-de-cles-plates-et-polygonales-25-pieces#primaryimage"},"thumbnailUrl":"https:\/\/kraftmuller.ma\/wp-content\/uploads\/2023\/04\/gcpff75ed04df9b4e0c8fe061d47e405049.jpeg","datePublished":"2023-04-18T08:32:02+00:00","dateModified":"2026-02-09T12:37:56+00:00","breadcrumb":{"@id":"https:\/\/kraftmuller.ma\/?product=set-de-cles-plates-et-polygonales-25-pieces#breadcrumb"},"inLanguage":"fr-FR","potentialAction":[{"@type":"ReadAction","target":["https:\/\/kraftmuller.ma\/?product=set-de-cles-plates-et-polygonales-25-pieces"]}]},{"@type":"ImageObject","inLanguage":"fr-FR","@id":"https:\/\/kraftmuller.ma\/?product=set-de-cles-plates-et-polygonales-25-pieces#primaryimage","url":"https:\/\/kraftmuller.ma\/wp-content\/uploads\/2023\/04\/gcpff75ed04df9b4e0c8fe061d47e405049.jpeg","contentUrl":"https:\/\/kraftmuller.ma\/wp-content\/uploads\/2023\/04\/gcpff75ed04df9b4e0c8fe061d47e405049.jpeg","width":1500,"height":1125},{"@type":"BreadcrumbList","@id":"https:\/\/kraftmuller.ma\/?product=set-de-cles-plates-et-polygonales-25-pieces#breadcrumb","itemListElement":[{"@type":"ListItem","position":1,"name":"Accueil","item":"https:\/\/kraftmuller.ma\/"},{"@type":"ListItem","position":2,"name":"Shop","item":"https:\/\/kraftmuller.ma\/?page_id=121"},{"@type":"ListItem","position":3,"name":"Set de cl\u00e9s plates et polygonales, 25 pi\u00e8ces"}]},{"@type":"WebSite","@id":"https:\/\/kraftmuller.ma\/#website","url":"https:\/\/kraftmuller.ma\/","name":"KraftMuller Maroc","description":"Vente de mat\u00e9riel d&#039;outillage","publisher":{"@id":"https:\/\/kraftmuller.ma\/#organization"},"potentialAction":[{"@type":"SearchAction","target":{"@type":"EntryPoint","urlTemplate":"https:\/\/kraftmuller.ma\/?s={search_term_string}"},"query-input":{"@type":"PropertyValueSpecification","valueRequired":true,"valueName":"search_term_string"}}],"inLanguage":"fr-FR"},{"@type":"Organization","@id":"https:\/\/kraftmuller.ma\/#organization","name":"KraftMuller Maroc","url":"https:\/\/kraftmuller.ma\/","logo":{"@type":"ImageObject","inLanguage":"fr-FR","@id":"https:\/\/kraftmuller.ma\/#\/schema\/logo\/image\/","url":"https:\/\/kraftmuller.ma\/wp-content\/uploads\/2023\/04\/kraftunited.png","contentUrl":"https:\/\/kraftmuller.ma\/wp-content\/uploads\/2023\/04\/kraftunited.png","width":1214,"height":163,"caption":"KraftMuller Maroc"},"image":{"@id":"https:\/\/kraftmuller.ma\/#\/schema\/logo\/image\/"}}]}},"jetpack_sharing_enabled":true,"_links":{"self":[{"href":"https:\/\/kraftmuller.ma\/index.php?rest_route=\/wp\/v2\/product\/4712","targetHints":{"allow":["GET"]}}],"collection":[{"href":"https:\/\/kraftmuller.ma\/index.php?rest_route=\/wp\/v2\/product"}],"about":[{"href":"https:\/\/kraftmuller.ma\/index.php?rest_route=\/wp\/v2\/types\/product"}],"version-history":[{"count":2,"href":"https:\/\/kraftmuller.ma\/index.php?rest_route=\/wp\/v2\/product\/4712\/revisions"}],"predecessor-version":[{"id":6370,"href":"https:\/\/kraftmuller.ma\/index.php?rest_route=\/wp\/v2\/product\/4712\/revisions\/6370"}],"wp:featuredmedia":[{"embeddable":true,"href":"https:\/\/kraftmuller.ma\/index.php?rest_route=\/wp\/v2\/media\/4714"}],"wp:attachment":[{"href":"https:\/\/kraftmuller.ma\/index.php?rest_route=%2Fwp%2Fv2%2Fmedia&parent=4712"}],"wp:term":[{"taxonomy":"product_brand","embeddable":true,"href":"https:\/\/kraftmuller.ma\/index.php?rest_route=%2Fwp%2Fv2%2Fproduct_brand&post=4712"},{"taxonomy":"product_cat","embeddable":true,"href":"https:\/\/kraftmuller.ma\/index.php?rest_route=%2Fwp%2Fv2%2Fproduct_cat&post=4712"},{"taxonomy":"product_tag","embeddable":true,"href":"https:\/\/kraftmuller.ma\/index.php?rest_route=%2Fwp%2Fv2%2Fproduct_tag&post=4712"}],"curies":[{"name":"wp","href":"https:\/\/api.w.org\/{rel}","templated":true}]}}